{"id":317,"date":"2024-11-25T06:44:43","date_gmt":"2024-11-25T06:44:43","guid":{"rendered":"https:\/\/taftoys.vn\/?post_type=product&#038;p=317"},"modified":"2024-11-26T04:11:56","modified_gmt":"2024-11-26T04:11:56","slug":"my-1st-bingo","status":"publish","type":"product","link":"https:\/\/taftoys.vn\/?product=my-1st-bingo","title":{"rendered":"My 1st Bingo"},"content":{"rendered":"<div class=\"html-div xdj266r x11i5rnm xat24cr x1mh8g0r xexx8yu x4uap5 x18d9i69 xkhd6sd\" dir=\"auto\">\n<div class=\"html-div xdj266r x11i5rnm xat24cr x1mh8g0r xexx8yu x4uap5 x18d9i69 xkhd6sd\" data-ad-rendering-role=\"story_message\">\n<div id=\":r3o3:\" class=\"x1l90r2v x1pi30zi x1swvt13 x1iorvi4\" data-ad-comet-preview=\"message\" data-ad-preview=\"message\">\n<div class=\"x78zum5 xdt5ytf xz62fqu x16ldp7u\">\n<div class=\"xu06os2 x1ok221b\">\n<div class=\"xdj266r x11i5rnm xat24cr x1mh8g0r x1vvkbs x126k92a\">\n<div dir=\"auto\">\n<p class=\"QN2lPu\">\u0110\u1ed3 Ch\u01a1i Bingo TAF TOYS Gi\u00fap Ph\u00e1t Tri\u1ec3n C\u00e1c K\u1ef9 N\u0103ng Ph\u1ea3n X\u1ea1, Nh\u1eadn Th\u1ee9c V\u00e0 H\u1ecdc S\u1ed1 D\u00e0nh Cho B\u00e9 T\u1eeb 24M+:<\/p>\n<p class=\"QN2lPu\">\u0110\u1ed3 ch\u01a1i bingo \u0111\u1ea7u ti\u00ean cho b\u00e9 Taf toys s\u1ebd l\u00e0 l\u1ef1a ch\u1ecdn tuy\u1ec7t v\u1eddi cho b\u00e9 y\u00eau c\u1ee7a b\u1ea1n. V\u1edbi thi\u1ebft k\u1ebf \u0111\u01a1n gi\u1ea3n nh\u01b0ng v\u00f4 c\u00f9ng h\u1ea5p d\u1eabn, s\u1ea3n ph\u1ea9m s\u1ebd gi\u00fap b\u00e9 ph\u00e1t tri\u1ec3n kh\u1ea3 n\u0103ng t\u1eadp trung, ph\u1ea3n x\u1ea1 v\u00e0 c\u1ea3 k\u1ef9 n\u0103ng s\u1ed1ng.<\/p>\n<p class=\"QN2lPu\">TH\u00d4NG TIN S\u1ea2N PH\u1ea8M: \u0110\u1ed3 Ch\u01a1i Bingo TAF TOYS Cho B\u00e9:<\/p>\n<p class=\"QN2lPu\">+ Th\u01b0\u01a1ng hi\u1ec7u: Taf Toys &#8211; Th\u01b0\u01a1ng hi\u1ec7u h\u00e0ng \u0111\u1ea7u t\u1ea1i M\u1ef9<\/p>\n<p class=\"QN2lPu\">+ Ch\u1ea5t li\u1ec7u: Paper + Magnetic + ABS<\/p>\n<p class=\"QN2lPu\">\u01afU \u0110I\u1ec2M N\u1ed4I B\u1eacT C\u1ee6A S\u1ea2N PH\u1ea8M:<\/p>\n<p class=\"QN2lPu\">+ M\u1ee5c \u0111\u00edch: V\u1eeba Ch\u01a1i V\u1eeba H\u1ecdc &#8211; Nh\u1eadn bi\u1ebft c\u00e1c con s\u1ed1, m\u00e0u s\u1eafc,&#8230; Gi\u00fap b\u00e9 ph\u00e1t tri\u1ec3n kh\u1ea3 n\u0103ng t\u1eadp trung, ph\u1ea3n x\u1ea1 v\u00e0 c\u1ea3 k\u1ef9 n\u0103ng s\u1ed1ng.<\/p>\n<p class=\"QN2lPu\">+ K\u00edch th\u00edch n\u00e3o b\u1ed9:\u00a0Thi\u1ebft k\u1ebf \u0111\u01a1n gi\u1ea3n nh\u01b0ng \u1ea9n sau \u0111\u00f3 l\u00e0 t\u00ednh logic cao trong vi\u1ec7c th\u1ef1c hi\u1ec7n c\u00e1c thao t\u00e1c ki\u1ec3m so\u00e1t con l\u1eafc khi\u1ebfn n\u00e3o b\u1ed9 c\u1ee7a b\u00e9 \u0111\u01b0\u1ee3c k\u00edch th\u00edch m\u1ed9t c\u00e1ch t\u00edch c\u1ef1c.<\/p>\n<p class=\"QN2lPu\">B\u1eb1ng c\u00e1ch k\u1ebft h\u1ee3p c\u00e1c h\u00ecnh d\u1ea1ng v\u1edbi nh\u1eefng h\u00ecnh \u1ea3nh t\u01b0\u01a1ng \u1ee9ng tr\u00ean tr\u00f2 ch\u01a1i bingo b\u1eb1ng b\u1ea3ng g\u1ed7, tr\u1ebb m\u1edbi bi\u1ebft \u0111i c\u00f3 th\u1ec3 x\u00e1c \u0111\u1ecbnh v\u00e0 ph\u00e2n lo\u1ea1i h\u00ecnh d\u1ea1ng, m\u00e0u s\u1eafc v\u00e0 \u0111\u1ed3 v\u1eadt kh\u00e1c nhau.<\/p>\n<p class=\"QN2lPu\">+ Th\u00fac \u0111\u1ea9y s\u1ef1 t\u01b0\u01a1ng t\u00e1c: Tr\u1ebb m\u1edbi bi\u1ebft \u0111i c\u00f3 th\u1ec3 h\u1ecdc c\u00e1ch h\u1ee3p t\u00e1c v\u00e0 ph\u00e1t tri\u1ec3n tinh th\u1ea7n l\u00e0m vi\u1ec7c nh\u00f3m. Tr\u00f2 ch\u01a1i khuy\u1ebfn kh\u00edch s\u1ef1 t\u01b0\u01a1ng t\u00e1c x\u00e3 h\u1ed9i, giao ti\u1ebfp v\u00e0 s\u1ef1 h\u1ee3p t\u00e1c =&gt; G\u1eafn k\u1ebft b\u1ed1 m\u1eb9 v\u1edbi con, anh ch\u1ecb em trong nh\u00e0.<\/p>\n<p class=\"QN2lPu\">+ Ph\u00e1t tri\u1ec3n K\u1ef9 n\u0103ng V\u1eadn \u0111\u1ed9ng Tinh: b\u1eb1ng c\u00e1ch quay m\u0169i t\u00ean, tr\u1ebb m\u1edbi bi\u1ebft \u0111i c\u00f3 th\u1ec3 c\u1ea3i thi\u1ec7n kh\u1ea3 n\u0103ng ph\u1ed1i h\u1ee3p tay v\u00e0 m\u1eaft c\u1ee7a m\u00ecnh v\u00e0 s\u1ef1 kh\u00e9o l\u00e9o.<\/p>\n<p class=\"QN2lPu\">+ An to\u00e0n: Ki\u1ec3m nghi\u1ec7m an to\u00e0n ti\u00eau chu\u1ea9n cao: Ch\u1ea5t li\u1ec7u an to\u00e0n cho b\u00e9 &#8211; kh\u00f4ng ch\u1ee9a BPA \u0111\u1ed9c h\u1ea1i | Kh\u00f4ng ch\u00ec | Phthalate mi\u1ec5n ph\u00ed | Kh\u00f4ng ch\u1ee9a th\u1ee7y ng\u00e2n<\/p>\n<\/div>\n<\/div>\n<\/div>\n<\/div>\n<\/div>\n<\/div>\n<\/div>\n","protected":false},"excerpt":{"rendered":"<p>\u0110\u1ed3 Ch\u01a1i Bingo TAF TOYS Gi\u00fap Ph\u00e1t Tri\u1ec3n C\u00e1c K\u1ef9 N\u0103ng Ph\u1ea3n X\u1ea1, Nh\u1eadn Th\u1ee9c V\u00e0 H\u1ecdc S\u1ed1 D\u00e0nh Cho B\u00e9 T\u1eeb 24M+: \u0110\u1ed3 ch\u01a1i bingo \u0111\u1ea7u ti\u00ean cho b\u00e9 Taf toys s\u1ebd l\u00e0 l\u1ef1a ch\u1ecdn tuy\u1ec7t v\u1eddi cho b\u00e9 y\u00eau c\u1ee7a b\u1ea1n. V\u1edbi thi\u1ebft k\u1ebf \u0111\u01a1n gi\u1ea3n nh\u01b0ng v\u00f4 c\u00f9ng h\u1ea5p d\u1eabn, s\u1ea3n ph\u1ea9m s\u1ebd gi\u00fap b\u00e9 ph\u00e1t tri\u1ec3n kh\u1ea3 n\u0103ng t\u1eadp trung, ph\u1ea3n x\u1ea1 v\u00e0 c\u1ea3 k\u1ef9 n\u0103ng s\u1ed1ng. TH\u00d4NG TIN S\u1ea2N PH\u1ea8M: \u0110\u1ed3 Ch\u01a1i Bingo TAF TOYS Cho B\u00e9: + Th\u01b0\u01a1ng hi\u1ec7u: Taf Toys &#8211; Th\u01b0\u01a1ng hi\u1ec7u h\u00e0ng \u0111\u1ea7u t\u1ea1i M\u1ef9 + Ch\u1ea5t li\u1ec7u: Paper + Magnetic + ABS \u01afU \u0110I\u1ec2M N\u1ed4I B\u1eacT C\u1ee6A S\u1ea2N PH\u1ea8M: + M\u1ee5c \u0111\u00edch: V\u1eeba Ch\u01a1i V\u1eeba H\u1ecdc &#8211; Nh\u1eadn bi\u1ebft c\u00e1c con s\u1ed1, m\u00e0u s\u1eafc,&#8230; Gi\u00fap b\u00e9 ph\u00e1t tri\u1ec3n kh\u1ea3 n\u0103ng t\u1eadp trung, ph\u1ea3n x\u1ea1 v\u00e0 c\u1ea3 k\u1ef9 n\u0103ng s\u1ed1ng. + K\u00edch th\u00edch n\u00e3o b\u1ed9:\u00a0Thi\u1ebft k\u1ebf \u0111\u01a1n gi\u1ea3n nh\u01b0ng \u1ea9n sau \u0111\u00f3 l\u00e0 t\u00ednh logic cao trong vi\u1ec7c th\u1ef1c hi\u1ec7n c\u00e1c thao t\u00e1c ki\u1ec3m so\u00e1t con l\u1eafc khi\u1ebfn n\u00e3o b\u1ed9 c\u1ee7a b\u00e9 \u0111\u01b0\u1ee3c k\u00edch th\u00edch m\u1ed9t c\u00e1ch t\u00edch c\u1ef1c. B\u1eb1ng c\u00e1ch k\u1ebft h\u1ee3p c\u00e1c h\u00ecnh d\u1ea1ng v\u1edbi nh\u1eefng h\u00ecnh \u1ea3nh t\u01b0\u01a1ng \u1ee9ng tr\u00ean tr\u00f2 ch\u01a1i bingo b\u1eb1ng b\u1ea3ng g\u1ed7, tr\u1ebb m\u1edbi bi\u1ebft \u0111i c\u00f3 th\u1ec3 x\u00e1c \u0111\u1ecbnh v\u00e0 ph\u00e2n lo\u1ea1i h\u00ecnh d\u1ea1ng, m\u00e0u s\u1eafc v\u00e0 \u0111\u1ed3 v\u1eadt kh\u00e1c nhau. + Th\u00fac \u0111\u1ea9y s\u1ef1 t\u01b0\u01a1ng t\u00e1c: Tr\u1ebb m\u1edbi bi\u1ebft \u0111i c\u00f3 th\u1ec3 h\u1ecdc c\u00e1ch h\u1ee3p t\u00e1c v\u00e0 ph\u00e1t tri\u1ec3n tinh th\u1ea7n l\u00e0m vi\u1ec7c nh\u00f3m. Tr\u00f2 ch\u01a1i khuy\u1ebfn kh\u00edch s\u1ef1 t\u01b0\u01a1ng t\u00e1c x\u00e3 h\u1ed9i, giao ti\u1ebfp v\u00e0 s\u1ef1 h\u1ee3p t\u00e1c =&gt; G\u1eafn k\u1ebft b\u1ed1 m\u1eb9 v\u1edbi con, anh ch\u1ecb em trong nh\u00e0. + Ph\u00e1t tri\u1ec3n K\u1ef9 n\u0103ng V\u1eadn \u0111\u1ed9ng Tinh: b\u1eb1ng c\u00e1ch quay m\u0169i t\u00ean, tr\u1ebb m\u1edbi bi\u1ebft \u0111i c\u00f3 th\u1ec3 c\u1ea3i thi\u1ec7n kh\u1ea3 n\u0103ng ph\u1ed1i h\u1ee3p tay v\u00e0 m\u1eaft c\u1ee7a m\u00ecnh v\u00e0 s\u1ef1 kh\u00e9o l\u00e9o. + An to\u00e0n: Ki\u1ec3m nghi\u1ec7m an to\u00e0n ti\u00eau chu\u1ea9n cao: Ch\u1ea5t li\u1ec7u an to\u00e0n cho b\u00e9 &#8211; kh\u00f4ng ch\u1ee9a BPA \u0111\u1ed9c h\u1ea1i | Kh\u00f4ng ch\u00ec | Phthalate mi\u1ec5n ph\u00ed | Kh\u00f4ng ch\u1ee9a th\u1ee7y ng\u00e2n<\/p>\n","protected":false},"featured_media":326,"comment_status":"open","ping_status":"closed","template":"","meta":[],"product_brand":[],"product_cat":[23],"product_tag":[],"class_list":{"0":"post-317","1":"product","2":"type-product","3":"status-publish","4":"has-post-thumbnail","6":"product_cat-do-choi","8":"first","9":"instock","10":"shipping-taxable","11":"purchasable","12":"product-type-simple"},"_links":{"self":[{"href":"https:\/\/taftoys.vn\/index.php?rest_route=\/wp\/v2\/product\/317","targetHints":{"allow":["GET"]}}],"collection":[{"href":"https:\/\/taftoys.vn\/index.php?rest_route=\/wp\/v2\/product"}],"about":[{"href":"https:\/\/taftoys.vn\/index.php?rest_route=\/wp\/v2\/types\/product"}],"replies":[{"embeddable":true,"href":"https:\/\/taftoys.vn\/index.php?rest_route=%2Fwp%2Fv2%2Fcomments&post=317"}],"version-history":[{"count":2,"href":"https:\/\/taftoys.vn\/index.php?rest_route=\/wp\/v2\/product\/317\/revisions"}],"predecessor-version":[{"id":608,"href":"https:\/\/taftoys.vn\/index.php?rest_route=\/wp\/v2\/product\/317\/revisions\/608"}],"wp:featuredmedia":[{"embeddable":true,"href":"https:\/\/taftoys.vn\/index.php?rest_route=\/wp\/v2\/media\/326"}],"wp:attachment":[{"href":"https:\/\/taftoys.vn\/index.php?rest_route=%2Fwp%2Fv2%2Fmedia&parent=317"}],"wp:term":[{"taxonomy":"product_brand","embeddable":true,"href":"https:\/\/taftoys.vn\/index.php?rest_route=%2Fwp%2Fv2%2Fproduct_brand&post=317"},{"taxonomy":"product_cat","embeddable":true,"href":"https:\/\/taftoys.vn\/index.php?rest_route=%2Fwp%2Fv2%2Fproduct_cat&post=317"},{"taxonomy":"product_tag","embeddable":true,"href":"https:\/\/taftoys.vn\/index.php?rest_route=%2Fwp%2Fv2%2Fproduct_tag&post=317"}],"curies":[{"name":"wp","href":"https:\/\/api.w.org\/{rel}","templated":true}]}}