{"id":327,"date":"2024-11-25T06:46:40","date_gmt":"2024-11-25T06:46:40","guid":{"rendered":"https:\/\/taftoys.vn\/?post_type=product&#038;p=327"},"modified":"2024-11-26T04:15:37","modified_gmt":"2024-11-26T04:15:37","slug":"magnetic-peek-a-boo-puzzle","status":"publish","type":"product","link":"https:\/\/taftoys.vn\/?product=magnetic-peek-a-boo-puzzle","title":{"rendered":"Magnetic Peek-A-Boo puzzle"},"content":{"rendered":"<p class=\"QN2lPu\">\u0110\u1ed3 Ch\u01a1i K\u00edch Th\u00edch T\u01b0 Duy Cho B\u00e9 TAF TOYS C\u00f3 Nam Ch\u00e2m danh cho b\u00e9 t\u1eeb 18m+<\/p>\n<p class=\"QN2lPu\">\u0110\u1ed3 ch\u01a1i k\u00edch th\u00edch t\u01b0 duy cho b\u00e9 TAF TOYS v\u1edbi nam ch\u00e2m s\u1ebd gi\u00fap b\u00e9 ph\u00e1t tri\u1ec3n kh\u1ea3 n\u0103ng t\u01b0 duy v\u00e0 kh\u1ea3 n\u0103ng gi\u1ea3i quy\u1ebft v\u1ea5n \u0111\u1ec1: &#8220;T\u00ecm cho Ba\/M\u1eb9, \u0111\u00e2u l\u00e0&#8230;?&#8221; hay gi\u00fap ph\u00e1t tri\u1ec3n tr\u00ed nh\u1edb cho b\u00e9 v\u1edbi c\u00e2u h\u1ecfi: &#8220;\u0110o\u00e1n xem, d\u01b0\u1edbi \u0111\u00e2y l\u00e0 h\u00ecnh g\u00ec?&#8221;. \u0110i\u1ec1u n\u00e0y l\u00e0m cho \u0110\u1ed3 ch\u01a1i k\u00edch th\u00edch t\u01b0 duy cho b\u00e9 Taf Toys tr\u1edf th\u00e0nh tr\u00f2 ch\u01a1i gi\u00e1o d\u1ee5c ho\u00e0n h\u1ea3o d\u00e0nh cho l\u1ee9a tu\u1ed5i t\u1eeb 18 th\u00e1ng tr\u1edf l\u00ean.<\/p>\n<p class=\"QN2lPu\">TH\u00d4NG TIN S\u1ea2N PH\u1ea8M: \u0110\u1ed3 Ch\u01a1i TAF TOYS H\u00ecnh Kh\u1ed1i cho b\u00e9<\/p>\n<p class=\"QN2lPu\">+ Th\u01b0\u01a1ng hi\u1ec7u: Taf Toys &#8211; Th\u01b0\u01a1ng hi\u1ec7u h\u00e0ng \u0111\u1ea7u t\u1ea1i M\u1ef9<\/p>\n<p class=\"QN2lPu\">+ Ch\u1ea5t li\u1ec7u: Paper + Magnetic + ABS<\/p>\n<p class=\"QN2lPu\">+ K\u00edch th\u01b0\u1edbc: 24,5&#215;22,5&#215;7,8cm<\/p>\n<p class=\"QN2lPu\">+ B\u1ed9 s\u1ea3n ph\u1ea9m g\u1ed3m: 4 ch\u1ee7 \u0111\u1ec1 v\u1edbi 3 giai \u0111o\u1ea1n kh\u00e1c nhau:<\/p>\n<p class=\"QN2lPu\">&#8211; Giai \u0111o\u1ea1n 18m+: G\u1ed3m 2 ch\u1ee7 \u0111\u1ec1: Con v\u1eadt v\u00e0 Tr\u00e1i c\u00e2y<\/p>\n<p class=\"QN2lPu\">&#8211; Giai \u0111o\u1ea1n 24m+: H\u00ecnh kh\u1ed1i<\/p>\n<p class=\"QN2lPu\">&#8211; Giai \u0111o\u1ea1n 36m+: Con s\u1ed1<\/p>\n<p class=\"QN2lPu\">V\u1edbi s\u1ea3n ph\u1ea9m \u0110\u1ed3 ch\u01a1i Taf Toys n\u00e0y c\u00f3 si\u00eau nhi\u1ec1u c\u00e1ch ch\u01a1i, t\u00f9y ba m\u1eb9 h\u01b0\u1edbng d\u1eabn con v\u00e0 \u0111\u1ec3 con s\u00e1ng t\u1ea1o ra c\u00e1c c\u00e1ch ch\u01a1i kh\u00e1c nhau. Ba m\u1eb9 h\u00e3y c\u00f9ng kh\u00e1m ph\u00e1 v\u1edbi b\u00e9 v\u00e0 \u0111\u1eb7t ra nh\u1eefng c\u00e2u h\u1ecfi \u0111\u1ec3 b\u00e9 t\u00ecm c\u00e2u tr\u1ea3 l\u1eddi. T\u1eeb \u0111\u00f3 m\u00e0 r\u00e8n luy\u1ec7n \u0111\u01b0\u1ee3c s\u1ef1 nhanh nh\u1ea1y c\u1ee7a \u0111\u00f4i b\u00e0n tay, c\u1ee7a \u0111\u00f4i m\u1eaft v\u00e0 \u0111\u1eb7c bi\u1ec7t l\u00e0 tr\u00ed nh\u1edb c\u1ee7a b\u00e9.<\/p>\n<p class=\"QN2lPu\">\u01afU \u0110I\u1ec2M N\u1ed4I B\u1eacT C\u1ee6A S\u1ea2N PH\u1ea8M:<\/p>\n<p class=\"QN2lPu\">1. \u0110A N\u0102NG: \u0110\u1ed3 ch\u01a1i kh\u00e1m ph\u00e1 v\u00e0 ph\u00e1t tri\u1ec3n gi\u00e1c quan cho b\u00e9 h\u1ed7 tr\u1ee3 b\u00e9 \u0111ang ph\u00e1t tri\u1ec3n t\u1eeb v\u1ef1ng, ng\u00f4n ng\u1eef, k\u1ef9 n\u0103ng giao ti\u1ebfp, tr\u00ed nh\u1edb, nh\u1eadn bi\u1ebft m\u00e0u s\u1eafc, gi\u1edbi thi\u1ec7u v\u1ec1 s\u1ed1 v\u00e0 k\u1ef9 n\u0103ng \u0111\u1ebfm =&gt; \u0110\u1ed3 ch\u01a1i th\u00fac \u0111\u1ea9y s\u1ef1 ph\u00e1t tri\u1ec3n c\u1ee7a tr\u1ebb th\u00f4ng qua vi\u1ec7c d\u00f9ng ng\u00f3n tay v\u00e0 c\u1ea3m nh\u1eadn \u00e2m thanh c\u1ee7a nam ch\u00e2m.<\/p>\n<p class=\"QN2lPu\">2. AN TO\u00c0N: Nam ch\u00e2m \u0111\u01b0\u1ee3c thi\u1ebft k\u1ebf an to\u00e0n, kh\u00f4ng g\u00e2y nguy hi\u1ec3m cho b\u00e9.<\/p>\n<p class=\"QN2lPu\">3. B\u1ed9 \u0111\u1ed3 ch\u01a1i bao g\u1ed3m \u2013 D\u1ee5ng c\u1ee5 b\u1eaft nam ch\u00e2m ma thu\u1eadt, 5 v\u00f2ng nam ch\u00e2m, 10 th\u1ebb ch\u1ee7 \u0111\u1ec1 hai m\u1eb7t &amp; m\u1ed9t<\/p>\n<p class=\"QN2lPu\">+ M\u00e0u s\u1eafc \u0111a d\u1ea1ng v\u00e0 phong ph\u00fa, ph\u00f9 h\u1ee3p v\u1edbi \u0111\u1ed9 tu\u1ed5i 18M+ &#8211; B\u00e9 v\u1eeba ch\u01a1i v\u1eeba kh\u00e1m ph\u00e1 v\u00e0 v\u1eeba h\u1ecdc.<\/p>\n<p class=\"QN2lPu\">S\u1ea3n ph\u1ea9m ph\u00f9 h\u1ee3p cho tr\u1ebb t\u1eeb 18 th\u00e1ng tu\u1ed5i tr\u1edf l\u00ean, gi\u00fap b\u00e9 r\u00e8n luy\u1ec7n k\u1ef9 n\u0103ng t\u01b0 duy v\u00e0 c\u1ea3i thi\u1ec7n kh\u1ea3 n\u0103ng quan s\u00e1t, nh\u1eadn bi\u1ebft m\u00e0u s\u1eafc c\u0169ng nh\u01b0 h\u00ecnh d\u1ea1ng. \u0110\u1ed3 Ch\u01a1i K\u00edch Th\u00edch T\u01b0 Duy Cho B\u00e9 TAF TOYS C\u00f3 Nam Ch\u00e2m l\u00e0 m\u1ed9t l\u1ef1a ch\u1ecdn th\u00f4ng minh \u0111\u1ec3 c\u00e1c b\u1eadc cha m\u1eb9 c\u00f3 th\u1ec3 mang l\u1ea1i ni\u1ec1m vui v\u00e0 ki\u1ebfn \u200b\u200bth\u1ee9c b\u1ed5 \u00edch cho con y\u00eau c\u1ee7a m\u00ecnh.<\/p>\n","protected":false},"excerpt":{"rendered":"<p>\u0110\u1ed3 Ch\u01a1i K\u00edch Th\u00edch T\u01b0 Duy Cho B\u00e9 TAF TOYS C\u00f3 Nam Ch\u00e2m danh cho b\u00e9 t\u1eeb 18m+ \u0110\u1ed3 ch\u01a1i k\u00edch th\u00edch t\u01b0 duy cho b\u00e9 TAF TOYS v\u1edbi nam ch\u00e2m s\u1ebd gi\u00fap b\u00e9 ph\u00e1t tri\u1ec3n kh\u1ea3 n\u0103ng t\u01b0 duy v\u00e0 kh\u1ea3 n\u0103ng gi\u1ea3i quy\u1ebft v\u1ea5n \u0111\u1ec1: &#8220;T\u00ecm cho Ba\/M\u1eb9, \u0111\u00e2u l\u00e0&#8230;?&#8221; hay gi\u00fap ph\u00e1t tri\u1ec3n tr\u00ed nh\u1edb cho b\u00e9 v\u1edbi c\u00e2u h\u1ecfi: &#8220;\u0110o\u00e1n xem, d\u01b0\u1edbi \u0111\u00e2y l\u00e0 h\u00ecnh g\u00ec?&#8221;. \u0110i\u1ec1u n\u00e0y l\u00e0m cho \u0110\u1ed3 ch\u01a1i k\u00edch th\u00edch t\u01b0 duy cho b\u00e9 Taf Toys tr\u1edf th\u00e0nh tr\u00f2 ch\u01a1i gi\u00e1o d\u1ee5c ho\u00e0n h\u1ea3o d\u00e0nh cho l\u1ee9a tu\u1ed5i t\u1eeb 18 th\u00e1ng tr\u1edf l\u00ean. TH\u00d4NG TIN S\u1ea2N PH\u1ea8M: \u0110\u1ed3 Ch\u01a1i TAF TOYS H\u00ecnh Kh\u1ed1i cho b\u00e9 + Th\u01b0\u01a1ng hi\u1ec7u: Taf Toys &#8211; Th\u01b0\u01a1ng hi\u1ec7u h\u00e0ng \u0111\u1ea7u t\u1ea1i M\u1ef9 + Ch\u1ea5t li\u1ec7u: Paper + Magnetic + ABS + K\u00edch th\u01b0\u1edbc: 24,5&#215;22,5&#215;7,8cm + B\u1ed9 s\u1ea3n ph\u1ea9m g\u1ed3m: 4 ch\u1ee7 \u0111\u1ec1 v\u1edbi 3 giai \u0111o\u1ea1n kh\u00e1c nhau: &#8211; Giai \u0111o\u1ea1n 18m+: G\u1ed3m 2 ch\u1ee7 \u0111\u1ec1: Con v\u1eadt v\u00e0 Tr\u00e1i c\u00e2y &#8211; Giai \u0111o\u1ea1n 24m+: H\u00ecnh kh\u1ed1i &#8211; Giai \u0111o\u1ea1n 36m+: Con s\u1ed1 V\u1edbi s\u1ea3n ph\u1ea9m \u0110\u1ed3 ch\u01a1i Taf Toys n\u00e0y c\u00f3 si\u00eau nhi\u1ec1u c\u00e1ch ch\u01a1i, t\u00f9y ba m\u1eb9 h\u01b0\u1edbng d\u1eabn con v\u00e0 \u0111\u1ec3 con s\u00e1ng t\u1ea1o ra c\u00e1c c\u00e1ch ch\u01a1i kh\u00e1c nhau. Ba m\u1eb9 h\u00e3y c\u00f9ng kh\u00e1m ph\u00e1 v\u1edbi b\u00e9 v\u00e0 \u0111\u1eb7t ra nh\u1eefng c\u00e2u h\u1ecfi \u0111\u1ec3 b\u00e9 t\u00ecm c\u00e2u tr\u1ea3 l\u1eddi. T\u1eeb \u0111\u00f3 m\u00e0 r\u00e8n luy\u1ec7n \u0111\u01b0\u1ee3c s\u1ef1 nhanh nh\u1ea1y c\u1ee7a \u0111\u00f4i b\u00e0n tay, c\u1ee7a \u0111\u00f4i m\u1eaft v\u00e0 \u0111\u1eb7c bi\u1ec7t l\u00e0 tr\u00ed nh\u1edb c\u1ee7a b\u00e9. \u01afU \u0110I\u1ec2M N\u1ed4I B\u1eacT C\u1ee6A S\u1ea2N PH\u1ea8M: 1. \u0110A N\u0102NG: \u0110\u1ed3 ch\u01a1i kh\u00e1m ph\u00e1 v\u00e0 ph\u00e1t tri\u1ec3n gi\u00e1c quan cho b\u00e9 h\u1ed7 tr\u1ee3 b\u00e9 \u0111ang ph\u00e1t tri\u1ec3n t\u1eeb v\u1ef1ng, ng\u00f4n ng\u1eef, k\u1ef9 n\u0103ng giao ti\u1ebfp, tr\u00ed nh\u1edb, nh\u1eadn bi\u1ebft m\u00e0u s\u1eafc, gi\u1edbi thi\u1ec7u v\u1ec1 s\u1ed1 v\u00e0 k\u1ef9 n\u0103ng \u0111\u1ebfm =&gt; \u0110\u1ed3 ch\u01a1i th\u00fac \u0111\u1ea9y s\u1ef1 ph\u00e1t tri\u1ec3n c\u1ee7a tr\u1ebb th\u00f4ng qua vi\u1ec7c d\u00f9ng ng\u00f3n tay v\u00e0 c\u1ea3m nh\u1eadn \u00e2m thanh c\u1ee7a nam ch\u00e2m. 2. AN TO\u00c0N: Nam ch\u00e2m \u0111\u01b0\u1ee3c thi\u1ebft k\u1ebf an to\u00e0n, kh\u00f4ng g\u00e2y nguy hi\u1ec3m cho b\u00e9. 3. B\u1ed9 \u0111\u1ed3 ch\u01a1i bao g\u1ed3m \u2013 D\u1ee5ng c\u1ee5 b\u1eaft nam ch\u00e2m ma thu\u1eadt, 5 v\u00f2ng nam ch\u00e2m, 10 th\u1ebb ch\u1ee7 \u0111\u1ec1 hai m\u1eb7t &amp; m\u1ed9t + M\u00e0u s\u1eafc \u0111a d\u1ea1ng v\u00e0 phong ph\u00fa, ph\u00f9 h\u1ee3p v\u1edbi \u0111\u1ed9 tu\u1ed5i 18M+ &#8211; B\u00e9 v\u1eeba ch\u01a1i v\u1eeba kh\u00e1m ph\u00e1 v\u00e0 v\u1eeba h\u1ecdc. S\u1ea3n ph\u1ea9m ph\u00f9 h\u1ee3p cho tr\u1ebb t\u1eeb 18 th\u00e1ng tu\u1ed5i tr\u1edf l\u00ean, gi\u00fap b\u00e9 r\u00e8n luy\u1ec7n k\u1ef9 n\u0103ng t\u01b0 duy v\u00e0 c\u1ea3i thi\u1ec7n kh\u1ea3 n\u0103ng quan s\u00e1t, nh\u1eadn bi\u1ebft m\u00e0u s\u1eafc c\u0169ng nh\u01b0 h\u00ecnh d\u1ea1ng. \u0110\u1ed3 Ch\u01a1i K\u00edch Th\u00edch T\u01b0 Duy Cho B\u00e9 TAF TOYS C\u00f3 Nam Ch\u00e2m l\u00e0 m\u1ed9t l\u1ef1a ch\u1ecdn th\u00f4ng minh \u0111\u1ec3 c\u00e1c b\u1eadc cha m\u1eb9 c\u00f3 th\u1ec3 mang l\u1ea1i ni\u1ec1m vui v\u00e0 ki\u1ebfn \u200b\u200bth\u1ee9c b\u1ed5 \u00edch cho con y\u00eau c\u1ee7a m\u00ecnh.<\/p>\n","protected":false},"featured_media":335,"comment_status":"open","ping_status":"closed","template":"","meta":[],"product_brand":[],"product_cat":[23],"product_tag":[],"class_list":{"0":"post-327","1":"product","2":"type-product","3":"status-publish","4":"has-post-thumbnail","6":"product_cat-do-choi","8":"first","9":"instock","10":"shipping-taxable","11":"purchasable","12":"product-type-simple"},"_links":{"self":[{"href":"https:\/\/taftoys.vn\/index.php?rest_route=\/wp\/v2\/product\/327","targetHints":{"allow":["GET"]}}],"collection":[{"href":"https:\/\/taftoys.vn\/index.php?rest_route=\/wp\/v2\/product"}],"about":[{"href":"https:\/\/taftoys.vn\/index.php?rest_route=\/wp\/v2\/types\/product"}],"replies":[{"embeddable":true,"href":"https:\/\/taftoys.vn\/index.php?rest_route=%2Fwp%2Fv2%2Fcomments&post=327"}],"version-history":[{"count":2,"href":"https:\/\/taftoys.vn\/index.php?rest_route=\/wp\/v2\/product\/327\/revisions"}],"predecessor-version":[{"id":610,"href":"https:\/\/taftoys.vn\/index.php?rest_route=\/wp\/v2\/product\/327\/revisions\/610"}],"wp:featuredmedia":[{"embeddable":true,"href":"https:\/\/taftoys.vn\/index.php?rest_route=\/wp\/v2\/media\/335"}],"wp:attachment":[{"href":"https:\/\/taftoys.vn\/index.php?rest_route=%2Fwp%2Fv2%2Fmedia&parent=327"}],"wp:term":[{"taxonomy":"product_brand","embeddable":true,"href":"https:\/\/taftoys.vn\/index.php?rest_route=%2Fwp%2Fv2%2Fproduct_brand&post=327"},{"taxonomy":"product_cat","embeddable":true,"href":"https:\/\/taftoys.vn\/index.php?rest_route=%2Fwp%2Fv2%2Fproduct_cat&post=327"},{"taxonomy":"product_tag","embeddable":true,"href":"https:\/\/taftoys.vn\/index.php?rest_route=%2Fwp%2Fv2%2Fproduct_tag&post=327"}],"curies":[{"name":"wp","href":"https:\/\/api.w.org\/{rel}","templated":true}]}}