{"id":336,"date":"2024-11-25T06:49:40","date_gmt":"2024-11-25T06:49:40","guid":{"rendered":"https:\/\/taftoys.vn\/?post_type=product&#038;p=336"},"modified":"2024-11-26T04:21:21","modified_gmt":"2024-11-26T04:21:21","slug":"magic-box","status":"publish","type":"product","link":"https:\/\/taftoys.vn\/?product=magic-box","title":{"rendered":"Magic box"},"content":{"rendered":"<p class=\"QN2lPu\">\u01afU \u0110I\u1ec2M N\u1ed4I B\u1eacT C\u1ee6A S\u1ea2N PH\u1ea8M: \u0110\u1ed3 ch\u01a1i tr\u1ebb em<\/p>\n<p class=\"QN2lPu\">+ M\u00f4 ph\u1ecfng Ho\u00e0n h\u1ea3o c\u00e1c ho\u1ea1t \u0111\u1ed9ng \u0111\u1ec3 n\u00e2ng cao k\u1ef9 n\u0103ng v\u1eadn \u0111\u1ed9ng v\u00e0 c\u1ea3m gi\u00e1c cho b\u00e9<\/p>\n<p class=\"QN2lPu\">+ Qu\u1ea3 b\u00f3ng Ph\u00e1t tri\u1ec3n s\u1ef1 hi\u1ec3u bi\u1ebft c\u1ee7a b\u00e9 v\u1ec1 s\u1ef1 t\u1ed3n t\u1ea1i l\u00e2u d\u00e0i c\u1ee7a \u0111\u1ed3 v\u1eadt.<\/p>\n<p class=\"QN2lPu\">+ Ch\u01a1i b\u00e0i Cho Libby \u0103n tr\u00e1i c\u00e2y y\u00eau th\u00edch c\u1ee7a b\u00e9 s\u1ebd ph\u00e1t tri\u1ec3n tr\u00ed t\u01b0\u1edfng t\u01b0\u1ee3ng v\u00e0 tr\u00ed tu\u1ec7 c\u1ea3m x\u00fac.<\/p>\n<p class=\"QN2lPu\">+ K\u1ebft h\u1ee3p m\u00e0u s\u1eafc th\u1ef1c h\u00e0nh s\u1eafp x\u1ebfp, t\u00ecm hi\u1ec3u m\u00e0u s\u1eafc, \u0111\u1ebfm v\u00e0 h\u01a1n th\u1ebf n\u1eefa.<\/p>\n<p class=\"QN2lPu\">+ M\u00e0u s\u1eafc \u0111a d\u1ea1ng v\u00e0 phong ph\u00fa, ph\u00f9 h\u1ee3p v\u1edbi \u0111\u1ed9 tu\u1ed5i 18M+ &#8211; B\u00e9 v\u1eeba ch\u01a1i v\u1eeba kh\u00e1m ph\u00e1 v\u00e0 v\u1eeba h\u1ecdc.<\/p>\n<p class=\"QN2lPu\">TH\u00d4NG TIN S\u1ea2N PH\u1ea8M: \u0110\u1ed3 Ch\u01a1i TAF TOYS H\u00ecnh Kh\u1ed1i cho b\u00e9<\/p>\n<p class=\"QN2lPu\">+ Th\u01b0\u01a1ng hi\u1ec7u: Taf Toys &#8211; Th\u01b0\u01a1ng hi\u1ec7u h\u00e0ng \u0111\u1ea7u t\u1ea1i M\u1ef9<\/p>\n<p class=\"QN2lPu\">+ Ch\u1ea5t li\u1ec7u: Paper cardboard + Polyester + PP + PE + PHF PVC<\/p>\n<p class=\"QN2lPu\">+ K\u00edch th\u01b0\u1edbc: 15x15x20cm<\/p>\n<p class=\"QN2lPu\">+ B\u1ed9 s\u1ea3n ph\u1ea9m g\u1ed3m: 1 H\u1ed9p ch\u01a1i + 5 Kh\u0103n Gi\u1ea5y (V\u1edbi 5 m\u00e0u kh\u00e1c nhau) + 5 Qu\u1ea3 b\u00f3ng (3 x Qu\u1ea3 b\u00f3ng c\u00f3 k\u1ebft c\u1ea5u, 2 x Qu\u1ea3 b\u00f3ng m\u1ec1m)+ 5Th\u1ebb cho \u0103n hai m\u1eb7t \u0111\u1ed3 ch\u01a1i taftoy.<\/p>\n<p class=\"QN2lPu\">+ S\u1ea3n ph\u1ea9m g\u1ed3m 5 m\u1eb7t \u0111\u1ec3 ch\u01a1i: 4 m\u1eb7t xung quanh + 1 m\u1eb7t tr\u00ean c\u00f9ng.<\/p>\n","protected":false},"excerpt":{"rendered":"<p>\u01afU \u0110I\u1ec2M N\u1ed4I B\u1eacT C\u1ee6A S\u1ea2N PH\u1ea8M: \u0110\u1ed3 ch\u01a1i tr\u1ebb em + M\u00f4 ph\u1ecfng Ho\u00e0n h\u1ea3o c\u00e1c ho\u1ea1t \u0111\u1ed9ng \u0111\u1ec3 n\u00e2ng cao k\u1ef9 n\u0103ng v\u1eadn \u0111\u1ed9ng v\u00e0 c\u1ea3m gi\u00e1c cho b\u00e9 + Qu\u1ea3 b\u00f3ng Ph\u00e1t tri\u1ec3n s\u1ef1 hi\u1ec3u bi\u1ebft c\u1ee7a b\u00e9 v\u1ec1 s\u1ef1 t\u1ed3n t\u1ea1i l\u00e2u d\u00e0i c\u1ee7a \u0111\u1ed3 v\u1eadt. + Ch\u01a1i b\u00e0i Cho Libby \u0103n tr\u00e1i c\u00e2y y\u00eau th\u00edch c\u1ee7a b\u00e9 s\u1ebd ph\u00e1t tri\u1ec3n tr\u00ed t\u01b0\u1edfng t\u01b0\u1ee3ng v\u00e0 tr\u00ed tu\u1ec7 c\u1ea3m x\u00fac. + K\u1ebft h\u1ee3p m\u00e0u s\u1eafc th\u1ef1c h\u00e0nh s\u1eafp x\u1ebfp, t\u00ecm hi\u1ec3u m\u00e0u s\u1eafc, \u0111\u1ebfm v\u00e0 h\u01a1n th\u1ebf n\u1eefa. + M\u00e0u s\u1eafc \u0111a d\u1ea1ng v\u00e0 phong ph\u00fa, ph\u00f9 h\u1ee3p v\u1edbi \u0111\u1ed9 tu\u1ed5i 18M+ &#8211; B\u00e9 v\u1eeba ch\u01a1i v\u1eeba kh\u00e1m ph\u00e1 v\u00e0 v\u1eeba h\u1ecdc. TH\u00d4NG TIN S\u1ea2N PH\u1ea8M: \u0110\u1ed3 Ch\u01a1i TAF TOYS H\u00ecnh Kh\u1ed1i cho b\u00e9 + Th\u01b0\u01a1ng hi\u1ec7u: Taf Toys &#8211; Th\u01b0\u01a1ng hi\u1ec7u h\u00e0ng \u0111\u1ea7u t\u1ea1i M\u1ef9 + Ch\u1ea5t li\u1ec7u: Paper cardboard + Polyester + PP + PE + PHF PVC + K\u00edch th\u01b0\u1edbc: 15x15x20cm + B\u1ed9 s\u1ea3n ph\u1ea9m g\u1ed3m: 1 H\u1ed9p ch\u01a1i + 5 Kh\u0103n Gi\u1ea5y (V\u1edbi 5 m\u00e0u kh\u00e1c nhau) + 5 Qu\u1ea3 b\u00f3ng (3 x Qu\u1ea3 b\u00f3ng c\u00f3 k\u1ebft c\u1ea5u, 2 x Qu\u1ea3 b\u00f3ng m\u1ec1m)+ 5Th\u1ebb cho \u0103n hai m\u1eb7t \u0111\u1ed3 ch\u01a1i taftoy. + S\u1ea3n ph\u1ea9m g\u1ed3m 5 m\u1eb7t \u0111\u1ec3 ch\u01a1i: 4 m\u1eb7t xung quanh + 1 m\u1eb7t tr\u00ean c\u00f9ng.<\/p>\n","protected":false},"featured_media":343,"comment_status":"open","ping_status":"closed","template":"","meta":[],"product_brand":[],"product_cat":[23],"product_tag":[],"class_list":{"0":"post-336","1":"product","2":"type-product","3":"status-publish","4":"has-post-thumbnail","6":"product_cat-do-choi","8":"first","9":"instock","10":"shipping-taxable","11":"purchasable","12":"product-type-simple"},"_links":{"self":[{"href":"https:\/\/taftoys.vn\/index.php?rest_route=\/wp\/v2\/product\/336","targetHints":{"allow":["GET"]}}],"collection":[{"href":"https:\/\/taftoys.vn\/index.php?rest_route=\/wp\/v2\/product"}],"about":[{"href":"https:\/\/taftoys.vn\/index.php?rest_route=\/wp\/v2\/types\/product"}],"replies":[{"embeddable":true,"href":"https:\/\/taftoys.vn\/index.php?rest_route=%2Fwp%2Fv2%2Fcomments&post=336"}],"version-history":[{"count":2,"href":"https:\/\/taftoys.vn\/index.php?rest_route=\/wp\/v2\/product\/336\/revisions"}],"predecessor-version":[{"id":612,"href":"https:\/\/taftoys.vn\/index.php?rest_route=\/wp\/v2\/product\/336\/revisions\/612"}],"wp:featuredmedia":[{"embeddable":true,"href":"https:\/\/taftoys.vn\/index.php?rest_route=\/wp\/v2\/media\/343"}],"wp:attachment":[{"href":"https:\/\/taftoys.vn\/index.php?rest_route=%2Fwp%2Fv2%2Fmedia&parent=336"}],"wp:term":[{"taxonomy":"product_brand","embeddable":true,"href":"https:\/\/taftoys.vn\/index.php?rest_route=%2Fwp%2Fv2%2Fproduct_brand&post=336"},{"taxonomy":"product_cat","embeddable":true,"href":"https:\/\/taftoys.vn\/index.php?rest_route=%2Fwp%2Fv2%2Fproduct_cat&post=336"},{"taxonomy":"product_tag","embeddable":true,"href":"https:\/\/taftoys.vn\/index.php?rest_route=%2Fwp%2Fv2%2Fproduct_tag&post=336"}],"curies":[{"name":"wp","href":"https:\/\/api.w.org\/{rel}","templated":true}]}}