{"id":344,"date":"2024-11-25T06:56:36","date_gmt":"2024-11-25T06:56:36","guid":{"rendered":"https:\/\/taftoys.vn\/?post_type=product&#038;p=344"},"modified":"2024-11-26T05:09:21","modified_gmt":"2024-11-26T05:09:21","slug":"xl-domino-rally-block","status":"publish","type":"product","link":"https:\/\/taftoys.vn\/?product=xl-domino-rally-block","title":{"rendered":"XL Domino Rally block"},"content":{"rendered":"<p class=\"QN2lPu\">Dominoes l\u00e0 m\u1ed9t tr\u00f2 ch\u01a1i l\u00fd t\u01b0\u1edfng \u0111\u1ec3 ch\u01a1i v\u1edbi tr\u1ebb m\u1edbi bi\u1ebft \u0111i. V\u00ec lu\u1eadt ch\u01a1i r\u1ea5t \u0111\u01a1n gi\u1ea3n v\u00e0 tr\u1ebb c\u00f3 th\u1ec3 \u0111\u01b0\u1ee3c h\u01b0\u1edfng l\u1ee3i t\u1eeb vi\u1ec7c ch\u01a1i khi h\u1ecdc \u0111\u1ebfm v\u00e0 nh\u1eadn bi\u1ebft c\u00e1c m\u1eabu.<\/p>\n<p class=\"QN2lPu\">Ch\u01a1i Domino gi\u00fap tr\u1ebb c\u1ea3i thi\u1ec7n kh\u1ea3 n\u0103ng th\u1ecb gi\u00e1c, tr\u00ed nh\u1edb nhi\u1ebfp \u1ea3nh v\u00e0 h\u1ed7 tr\u1ee3 ph\u00e1t tri\u1ec3n c\u00e1c k\u1ef9 n\u0103ng v\u1eadn \u0111\u1ed9ng &amp; nh\u1eadn th\u1ee9c.<\/p>\n<p>Thi\u1ebft k\u1ebf khung \u0111\u1ed9c \u0111\u00e1o c\u1ee7a Taf Toy l\u00e0m cho \u0111\u00e2y tr\u1edf th\u00e0nh b\u1ed9 domino duy nh\u1ea5t d\u00e0nh cho tr\u1ebb nh\u1ecf, k\u1ebft h\u1ee3p c\u1ea3 c\u00e1ch ch\u01a1i c\u1ed5 \u0111i\u1ec3n v\u00e0 Domino Rally.<\/p>\n<p>Ch\u01a1i domino gi\u00fap tr\u1ebb c\u1ea3i thi\u1ec7n kh\u1ea3 n\u0103ng quan s\u00e1t, tr\u00ed nh\u1edb h\u00ecnh \u1ea3nh v\u00e0 h\u1ed7 tr\u1ee3 ph\u00e1t tri\u1ec3n k\u1ef9 n\u0103ng v\u1eadn \u0111\u1ed9ng c\u0169ng nh\u01b0 nh\u1eadn th\u1ee9c.<\/p>\n<p>C\u00e1c mi\u1ebfng domino kh\u1ed5ng l\u1ed3 hai m\u1eb7t (6&#215;12 cm) v\u1eeba v\u1eb7n v\u1edbi b\u00e0n tay nh\u1ecf c\u1ee7a tr\u1ebb nh\u1ecf, ph\u00f9 h\u1ee3p v\u1edbi giai \u0111o\u1ea1n ph\u00e1t tri\u1ec3n c\u1ee7a b\u00e9.<br \/>\nB\u1ed9 g\u1ed3m 16 mi\u1ebfng domino hai m\u1eb7t (12&#215;6 cm).<br \/>\nH\u1ecdc t\u1eadp v\u00e0 gi\u00e1o d\u1ee5c th\u00f4ng qua ch\u01a1i.<br \/>\nKh\u00f4ng ch\u1ee9a BPA, PVC, v\u00e0 Phthalate.<br \/>\nK\u00edch th\u01b0\u1edbc: 6&#215;12 cm (2.4\u201dx 4.7\u201d). \u0110\u1ed3 ch\u01a1i ho\u00e0n h\u1ea3o cho tr\u1ebb t\u1eeb 30 th\u00e1ng tu\u1ed5i tr\u1edf l\u00ean.<\/p>\n","protected":false},"excerpt":{"rendered":"<p>Dominoes l\u00e0 m\u1ed9t tr\u00f2 ch\u01a1i l\u00fd t\u01b0\u1edfng \u0111\u1ec3 ch\u01a1i v\u1edbi tr\u1ebb m\u1edbi bi\u1ebft \u0111i. V\u00ec lu\u1eadt ch\u01a1i r\u1ea5t \u0111\u01a1n gi\u1ea3n v\u00e0 tr\u1ebb c\u00f3 th\u1ec3 \u0111\u01b0\u1ee3c h\u01b0\u1edfng l\u1ee3i t\u1eeb vi\u1ec7c ch\u01a1i khi h\u1ecdc \u0111\u1ebfm v\u00e0 nh\u1eadn bi\u1ebft c\u00e1c m\u1eabu. Ch\u01a1i Domino gi\u00fap tr\u1ebb c\u1ea3i thi\u1ec7n kh\u1ea3 n\u0103ng th\u1ecb gi\u00e1c, tr\u00ed nh\u1edb nhi\u1ebfp \u1ea3nh v\u00e0 h\u1ed7 tr\u1ee3 ph\u00e1t tri\u1ec3n c\u00e1c k\u1ef9 n\u0103ng v\u1eadn \u0111\u1ed9ng &amp; nh\u1eadn th\u1ee9c. Thi\u1ebft k\u1ebf khung \u0111\u1ed9c \u0111\u00e1o c\u1ee7a Taf Toy l\u00e0m cho \u0111\u00e2y tr\u1edf th\u00e0nh b\u1ed9 domino duy nh\u1ea5t d\u00e0nh cho tr\u1ebb nh\u1ecf, k\u1ebft h\u1ee3p c\u1ea3 c\u00e1ch ch\u01a1i c\u1ed5 \u0111i\u1ec3n v\u00e0 Domino Rally. Ch\u01a1i domino gi\u00fap tr\u1ebb c\u1ea3i thi\u1ec7n kh\u1ea3 n\u0103ng quan s\u00e1t, tr\u00ed nh\u1edb h\u00ecnh \u1ea3nh v\u00e0 h\u1ed7 tr\u1ee3 ph\u00e1t tri\u1ec3n k\u1ef9 n\u0103ng v\u1eadn \u0111\u1ed9ng c\u0169ng nh\u01b0 nh\u1eadn th\u1ee9c. C\u00e1c mi\u1ebfng domino kh\u1ed5ng l\u1ed3 hai m\u1eb7t (6&#215;12 cm) v\u1eeba v\u1eb7n v\u1edbi b\u00e0n tay nh\u1ecf c\u1ee7a tr\u1ebb nh\u1ecf, ph\u00f9 h\u1ee3p v\u1edbi giai \u0111o\u1ea1n ph\u00e1t tri\u1ec3n c\u1ee7a b\u00e9. B\u1ed9 g\u1ed3m 16 mi\u1ebfng domino hai m\u1eb7t (12&#215;6 cm). H\u1ecdc t\u1eadp v\u00e0 gi\u00e1o d\u1ee5c th\u00f4ng qua ch\u01a1i. Kh\u00f4ng ch\u1ee9a BPA, PVC, v\u00e0 Phthalate. K\u00edch th\u01b0\u1edbc: 6&#215;12 cm (2.4\u201dx 4.7\u201d). \u0110\u1ed3 ch\u01a1i ho\u00e0n h\u1ea3o cho tr\u1ebb t\u1eeb 30 th\u00e1ng tu\u1ed5i tr\u1edf l\u00ean.<\/p>\n","protected":false},"featured_media":348,"comment_status":"open","ping_status":"closed","template":"","meta":[],"product_brand":[],"product_cat":[23],"product_tag":[],"class_list":{"0":"post-344","1":"product","2":"type-product","3":"status-publish","4":"has-post-thumbnail","6":"product_cat-do-choi","8":"first","9":"instock","10":"shipping-taxable","11":"purchasable","12":"product-type-simple"},"_links":{"self":[{"href":"https:\/\/taftoys.vn\/index.php?rest_route=\/wp\/v2\/product\/344","targetHints":{"allow":["GET"]}}],"collection":[{"href":"https:\/\/taftoys.vn\/index.php?rest_route=\/wp\/v2\/product"}],"about":[{"href":"https:\/\/taftoys.vn\/index.php?rest_route=\/wp\/v2\/types\/product"}],"replies":[{"embeddable":true,"href":"https:\/\/taftoys.vn\/index.php?rest_route=%2Fwp%2Fv2%2Fcomments&post=344"}],"version-history":[{"count":2,"href":"https:\/\/taftoys.vn\/index.php?rest_route=\/wp\/v2\/product\/344\/revisions"}],"predecessor-version":[{"id":618,"href":"https:\/\/taftoys.vn\/index.php?rest_route=\/wp\/v2\/product\/344\/revisions\/618"}],"wp:featuredmedia":[{"embeddable":true,"href":"https:\/\/taftoys.vn\/index.php?rest_route=\/wp\/v2\/media\/348"}],"wp:attachment":[{"href":"https:\/\/taftoys.vn\/index.php?rest_route=%2Fwp%2Fv2%2Fmedia&parent=344"}],"wp:term":[{"taxonomy":"product_brand","embeddable":true,"href":"https:\/\/taftoys.vn\/index.php?rest_route=%2Fwp%2Fv2%2Fproduct_brand&post=344"},{"taxonomy":"product_cat","embeddable":true,"href":"https:\/\/taftoys.vn\/index.php?rest_route=%2Fwp%2Fv2%2Fproduct_cat&post=344"},{"taxonomy":"product_tag","embeddable":true,"href":"https:\/\/taftoys.vn\/index.php?rest_route=%2Fwp%2Fv2%2Fproduct_tag&post=344"}],"curies":[{"name":"wp","href":"https:\/\/api.w.org\/{rel}","templated":true}]}}